{"id":618,"date":"2025-09-07T14:07:57","date_gmt":"2025-09-07T12:07:57","guid":{"rendered":"https:\/\/stowbial.pl\/?page_id=618"},"modified":"2025-09-07T18:18:06","modified_gmt":"2025-09-07T16:18:06","slug":"szkoly","status":"publish","type":"page","link":"https:\/\/stowbial.pl\/?page_id=618","title":{"rendered":"Szko\u0142y"},"content":{"rendered":"\n<p><a href=\"https:\/\/spbialaczow.edupage.org\/\">SZKO\u0141A PODSTAWOWA W BIA\u0141ACZOWIE<\/a><\/p>\n\n\n\n<p><a href=\"https:\/\/spmiedzdrew.szkolnastrona.pl\/\">SZKO\u0141A PODSTAWOWA W MIEDZNEJ DREWNIANEJ<\/a><\/p>\n\n\n\n<p><a href=\"https:\/\/spskronina.edupage.org\/\">SZKO\u0141A PODSTAWOWA W SKRONINIE<\/a><\/p>\n\n\n\n<p><a href=\"http:\/\/sppetrykozy.szkolnastrona.pl\/\">SZKO\u0141A PODSTAWOWA W PETRYKOZACH<\/a><\/p>\n\n\n\n<p><\/p>\n","protected":false},"excerpt":{"rendered":"<p>SZKO\u0141A PODSTAWOWA W BIA\u0141ACZOWIE SZKO\u0141A PODSTAWOWA W MIEDZNEJ DREWNIANEJ SZKO\u0141A PODSTAWOWA W SKRONINIE SZKO\u0141A PODSTAWOWA W PETRYKOZACH<\/p>\n","protected":false},"author":1,"featured_media":489,"parent":0,"menu_order":0,"comment_status":"closed","ping_status":"closed","template":"","meta":{"footnotes":""},"class_list":["post-618","page","type-page","status-publish","has-post-thumbnail","hentry"],"_links":{"self":[{"href":"https:\/\/stowbial.pl\/index.php?rest_route=\/wp\/v2\/pages\/618","targetHints":{"allow":["GET"]}}],"collection":[{"href":"https:\/\/stowbial.pl\/index.php?rest_route=\/wp\/v2\/pages"}],"about":[{"href":"https:\/\/stowbial.pl\/index.php?rest_route=\/wp\/v2\/types\/page"}],"author":[{"embeddable":true,"href":"https:\/\/stowbial.pl\/index.php?rest_route=\/wp\/v2\/users\/1"}],"replies":[{"embeddable":true,"href":"https:\/\/stowbial.pl\/index.php?rest_route=%2Fwp%2Fv2%2Fcomments&post=618"}],"version-history":[{"count":4,"href":"https:\/\/stowbial.pl\/index.php?rest_route=\/wp\/v2\/pages\/618\/revisions"}],"predecessor-version":[{"id":626,"href":"https:\/\/stowbial.pl\/index.php?rest_route=\/wp\/v2\/pages\/618\/revisions\/626"}],"wp:featuredmedia":[{"embeddable":true,"href":"https:\/\/stowbial.pl\/index.php?rest_route=\/wp\/v2\/media\/489"}],"wp:attachment":[{"href":"https:\/\/stowbial.pl\/index.php?rest_route=%2Fwp%2Fv2%2Fmedia&parent=618"}],"curies":[{"name":"wp","href":"https:\/\/api.w.org\/{rel}","templated":true}]}}